 the greatest common divisor of 13848 and 12.
12
What is the highest common divisor of 8640 and 840?
120
What is the greatest common factor of 51 and 408?
51
Calculate the highest common divisor of 10 and 45.
5
Calculate the highest common divisor of 53 and 7.
1
What is the highest common factor of 1460 and 40?
20
Calculate the greatest common factor of 405 and 1245.
15
Calculate the greatest common divisor of 10293 and 141.
141
Calculate the greatest common factor of 115 and 92.
23
Calculate the greatest common factor of 262 and 1834.
262
Calculate the greatest common factor of 5 and 110.
5
What is the greatest common divisor of 280 and 80?
40
Calculate the greatest common factor of 35 and 165.
5
What is the greatest common divisor of 4 and 3684?
4
What is the highest common factor of 375 and 15?
15
Calculate the greatest common factor of 299 and 39.
13
What is the greatest common divisor of 156 and 351?
39
Calculate the highest common factor of 132 and 627.
33
Calculate the highest common factor of 1020 and 153.
51
What is the highest common factor of 1349 and 355?
71
What is the highest common divisor of 161 and 49?
7
Calculate the highest common divisor of 2651 and 11.
11
Calculate the greatest common factor of 44 and 108.
4
Calculate the greatest common factor of 1680 and 105.
105
What is the highest common factor of 125 and 2575?
25
Calculate the greatest common divisor of 3808 and 128.
32
Calculate the highest common factor of 12 and 39.
3
Calculate the greatest common factor of 721 and 103.
103
What is the greatest common divisor of 493 and 1?
1
What is the greatest common divisor of 170 and 50?
10
Calculate the highest common factor of 303 and 3.
3
Calculate the highest common divisor of 91 and 37856.
91
What is the greatest common factor of 13077 and 9?
9
What is the greatest common factor of 153 and 6171?
51
Calculate the greatest common divisor of 33725 and 285.
95
What is the highest common factor of 1199 and 4033?
109
Calculate the highest common factor of 2840 and 16.
8
Calculate the highest common factor of 1024 and 3456.
128
Calculate the highest common factor of 81 and 2025.
81
What is the highest common factor of 553 and 273?
7
Calculate the highest common divisor of 326 and 2.
2
Calculate the greatest common factor of 98 and 210.
14
What is the highest common factor of 979 and 356?
89
What is the greatest common divisor of 105 and 4980?
15
What is the greatest common factor of 18 and 558?
18
Calculate the greatest common divisor of 275 and 1075.
25
What is the highest common factor of 66 and 6?
6
Calculate the greatest common divisor of 19 and 12502.
19
Calculate the highest common factor of 1898 and 78.
26
What is the greatest common factor of 67221 and 291?
291
Calculate the highest common divisor of 110 and 275.
55
Calculate the greatest common divisor of 90 and 20.
10
What is the highest common factor of 1533 and 146?
73
Calculate the highest common divisor of 225 and 32100.
75
What is the greatest common factor of 66 and 176?
22
Calculate the highest common divisor of 2 and 10780.
2
What is the greatest common divisor of 116 and 290?
58
Calculate the highest common factor of 1086 and 12.
6
What is the greatest common divisor of 282 and 36?
6
Calculate the highest common divisor of 512 and 8.
8
What is the greatest common factor of 57 and 133?
19
What is the greatest common divisor of 567 and 42?
21
What is the greatest common factor of 1397 and 11?
11
What is the greatest common factor of 210 and 6489?
21
What is the highest common factor of 36 and 1668?
12
Calculate the highest common factor of 4161 and 19.
19
Calculate the highest common factor of 40 and 680.
40
Calculate the highest common factor of 132 and 33.
33
Calculate the highest common divisor of 8 and 28.
4
Calculate the greatest common factor of 1185 and 15.
15
What is the highest common divisor of 980 and 770?
70
What is the greatest common factor of 20 and 28?
4
What is the highest common factor of 9583 and 259?
259
Calculate the greatest common divisor of 8 and 8.
8
What is the highest common divisor of 795 and 15?
15
Calculate the greatest common factor of 1175 and 50.
25
What is the highest common factor of 981 and 27?
9
What is the greatest common divisor of 8 and 8776?
8
Calculate the highest common divisor of 4082 and 26.
26
Calculate the greatest common divisor of 34 and 204.
34
What is the greatest common divisor of 13761 and 99?
99
Calculate the greatest common factor of 1780 and 534.
178
What is the greatest common divisor of 242 and 66?
22
What is the greatest common factor of 35 and 175?
35
What is the greatest common factor of 1102 and 57?
19
What is the greatest common divisor of 18 and 162?
18
Calculate the highest common divisor of 164 and 123.
41
What is the highest common divisor of 924 and 252?
84
What is the greatest common factor of 3550 and 150?
50
What is the highest common divisor of 552 and 690?
138
Calculate the greatest common factor of 28 and 20.
4
What is the highest common factor of 17 and 1768?
17
Calculate the greatest common divisor of 506 and 44.
22
Calculate the greatest common factor of 729 and 9.
9
What is the greatest common factor of 225 and 4545?
45
What is the highest common factor of 644 and 42?
14
Calculate the highest common divisor of 141 and 7849.
47
Calculate the greatest common divisor of 3486 and 126.
42
Calculate the greatest common divisor of 24 and 5484.
12
What is the greatest common divisor of 15 and 95?
5
What is the greatest common divisor of 123 and 328?
41
Calculate the greatest common divisor of 171 and 3667.
19
What is the greatest common factor of 30 and 54?
6
What is the greatest common divisor of 23 and 46?
23
Calculate the greatest common divisor of 5624 and 74.
74
What is the greatest common factor of 4636 and 732?
244
What is the highest common factor of 204 and 324?
12
What is the highest common factor of 325 and 20?
5
What is the highest common divisor of 270 and 2322?
54
Calculate the greatest common divisor of 62 and 713.
31
Calculate the greatest common factor of 49 and 17.
1
Calculate the highest common factor of 1012 and 414.
46
Calculate the highest common divisor of 71 and 852.
71
Calculate the greatest common divisor of 920 and 20.
20
What is the greatest common factor of 10 and 80?
10
Calculate the highest common divisor of 851 and 222.
37
Calculate the highest common divisor of 2 and 2.
2
What is the greatest common divisor of 15 and 165?
15
What is the highest common divisor of 1240 and 1612?
124
What is the highest common divisor of 1909 and 115?
23
What is the highest common factor of 10 and 80?
10
What is the highest common divisor of 45 and 120?
15
What is the greatest common divisor of 108 and 12?
12
Calculate the greatest common factor of 918 and 324.
54
Calculate the highest common divisor of 17 and 5389.
17
What is the greatest common divisor of 415 and 5312?
83
Calculate the greatest common factor of 175 and 245.
35
What is the highest common divisor of 162 and 384?
6
What is the greatest common divisor of 115 and 943?
23
What is the highest common factor of 231 and 21?
21
What is the greatest common divisor of 18 and 1341?
9
What is the greatest common factor of 2924 and 1376?
172
Calculate the greatest common divisor of 54 and 90.
18
Calculate the highest common divisor of 42 and 182.
14
Calculate the greatest common factor of 356 and 3382.
178
Calculate the highest common factor of 40770 and 270.
270
What is the highest common factor of 165 and 10?
5
What is the highest common factor of 96 and 20?
4
What is the highest common divisor of 261 and 48285?
261
What is the greatest common divisor of 891 and 243?
81
Calculate the highest common factor of 63 and 294.
21
What is the highest common factor of 415 and 5?
5
Calculate the highest common factor of 6 and 1758.
6
What is the highest common divisor of 193 and 17563?
193
Calculate the greatest common divisor of 69 and 437.
23
Calculate the highest common factor of 237 and 10033.
79
What is the greatest common divisor of 5173 and 7?
7
Calculate the greatest common divisor of 950 and 114.
38
Calculate the highest common divisor of 2569 and 7.
7
Calculate the highest common factor of 2182 and 4.
2
What is the greate